Is 39 a factor of 853?
False
Is 82 a multiple of 10?
False
Is 21 a factor of 1021?
False
Is 1655 a multiple of 5?
True
Is 14 a factor of 8708?
True
Is 27800 a multiple of 4?
True
Does 6 divide 738?
True
Is 51 a factor of 7191?
True
Is 8933 a multiple of 2?
False
Is 28 a factor of 5146?
False
Does 189 divide 36428?
False
Is 8 a factor of 515?
False
Is 38 a factor of 16141?
False
Is 11 a factor of 87492?
False
Does 12 divide 2676?
True
Is 16808 a multiple of 88?
True
Is 55 a factor of 811?
False
Is 97 a factor of 6008?
False
Is 53 a factor of 1484?
True
Is 24527 a multiple of 120?
False
Does 12 divide 12816?
True
Does 3 divide 1119?
True
Does 12 divide 65568?
True
Is 55 a factor of 948?
False
Does 82 divide 3690?
True
Is 47 a factor of 2863?
False
Does 91 divide 4727?
False
Does 48 divide 1968?
True
Does 335 divide 26021?
False
Is 2 a factor of 41?
False
Is 25 a factor of 8657?
False
Is 93012 a multiple of 69?
True
Is 1510 a multiple of 8?
False
Is 679 a multiple of 21?
False
Is 15 a factor of 3433?
False
Does 123 divide 19175?
False
Is 8 a factor of 401?
False
Does 12 divide 192?
True
Is 13 a factor of 37428?
False
Is 37 a multiple of 8?
False
Does 3 divide 4282?
False
Is 833 a multiple of 7?
True
Is 12584 a multiple of 104?
True
Does 18 divide 1710?
True
Does 75 divide 1864?
False
Is 5103 a multiple of 9?
True
Is 228 a multiple of 10?
False
Is 71008 a multiple of 180?
False
Does 11 divide 495?
True
Is 11 a factor of 770?
True
Is 165 a multiple of 11?
True
Is 56439 a multiple of 15?
False
Does 117 divide 14495?
False
Is 7326 a multiple of 99?
True
Is 22070 a multiple of 22?
False
Is 306 a multiple of 6?
True
Does 9 divide 32251?
False
Is 10920 a multiple of 30?
True
Is 321 a multiple of 58?
False
Is 103 a multiple of 3?
False
Does 12 divide 1555?
False
Is 2 a factor of 707?
False
Is 290 even?
True
Is 72 a factor of 788?
False
Does 40 divide 30364?
False
Does 10 divide 34694?
False
Is 232 a multiple of 11?
False
Is 5902 a multiple of 8?
False
Does 28 divide 14677?
False
Is 6 a factor of 7405?
False
Does 175 divide 8050?
True
Does 18 divide 944?
False
Does 17 divide 12743?
False
Does 12 divide 635?
False
Is 17631 a multiple of 12?
False
Does 18 divide 428?
False
Does 81 divide 9072?
True
Is 21 a factor of 82782?
True
Does 47 divide 3715?
False
Does 97 divide 37453?
False
Is 1482 a multiple of 26?
True
Does 20 divide 1780?
True
Does 32 divide 3079?
False
Does 15 divide 3135?
True
Does 5 divide 25?
True
Does 7 divide 5025?
False
Does 14 divide 4858?
True
Does 13 divide 3198?
True
Does 64 divide 24320?
True
Is 8064 a multiple of 112?
True
Is 7068 a multiple of 62?
True
Does 28 divide 8872?
False
Is 798 a multiple of 19?
True
Is 38 a factor of 8268?
False
Is 3 a factor of 383?
False
Is 43 a factor of 46558?
False
Is 85741 a multiple of 20?
False
Is 7 a factor of 16?
False
Does 16 divide 75967?
False
Is 13 a factor of 1558?
False
Is 13779 a multiple of 134?
False
Is 21 a factor of 1932?
True
Is 9 a factor of 1600?
False
Does 53 divide 7081?
False
Is 7847 a multiple of 28?
False
Does 14 divide 420?
True
Does 45 divide 5625?
True
Is 4 a factor of 2509?
False
Is 45 a factor of 1707?
False
Is 2 a factor of 1753?
False
Is 10 a factor of 12810?
True
Is 10 a factor of 2160?
True
Is 1408 a multiple of 22?
True
Is 24 a factor of 29757?
False
Does 4 divide 576?
True
Is 3 a factor of 4105?
False
Is 8 a factor of 2033?
False
Is 5 a factor of 100?
True
Does 10 divide 730?
True
Is 9830 a multiple of 86?
False
Is 97 a factor of 4074?
True
Is 165 a multiple of 11?
True
Does 67 divide 8643?
True
Is 160 a multiple of 12?
False
Does 394 divide 26663?
False
Is 57018 a multiple of 13?
True
Is 66 a factor of 924?
True
Does 40 divide 21320?
True
Does 2 divide 79?
False
Is 48380 a multiple of 164?
True
Is 1705 a multiple of 6?
False
Is 11753 a multiple of 8?
False
Is 17179 a multiple of 17?
False
Is 2565 a multiple of 27?
True
Is 17 a factor of 2058?
False
Is 2048 a multiple of 78?
False
Is 2655 a multiple of 12?
False
Is 232 a factor of 30856?
True
Is 42 a factor of 3024?
True
Does 9 divide 7282?
False
Is 2773 a multiple of 17?
False
Does 14 divide 2478?
True
Does 26 divide 425?
False
Does 141 divide 62955?
False
Is 263 a factor of 4421?
False
Is 19678 a multiple of 19?
False
Is 44 a factor of 11421?
False
Is 391 a multiple of 19?
False
Does 52 divide 1612?
True
Is 220 a multiple of 20?
True
Is 14 a factor of 5597?
False
Does 94 divide 314?
False
Is 35 a factor of 770?
True
Does 68 divide 9384?
True
Is 26 a factor of 1221?
False
Is 2812 a multiple of 74?
True
Does 11 divide 12278?
False
Is 2880 a multiple of 8?
True
Is 103 a multiple of 80?
False
Is 21747 a multiple of 25?
False
Is 7 a factor of 7529?
False
Is 1513 a multiple of 7?
False
Is 58 a factor of 1972?
True
Is 13035 a multiple of 11?
True
Does 3 divide 161?
False
Is 6 a factor of 9114?
True
Does 95 divide 960?
False
Is 12814 a multiple of 43?
True
Does 11 divide 52204?
False
Is 3540 a multiple of 6?
True
Is 90956 a multiple of 68?
False
Does 18 divide 4400?
False
Is 16 a factor of 1104?
True
Is 6 a factor of 204?
True
Is 65 even?
False
Does 42 divide 504?
True
Does 15 divide 10650?
True
Is 27301 a multiple of 14?
False
Is 13 a factor of 983?
False
Is 6 a factor of 172?
False
Does 184 divide 12706?
False
Is 14 a factor of 18522?
True
Is 32236 a multiple of 59?
False
Is 21 a factor of 3591?
True
Does 26 divide 2202?
False
Is 6324 a multiple of 51?
True
Is 7816 a multiple of 25?
False
Is 11 a factor of 473?
True
Is 49 a factor of 936?
False
Does 53 divide 2173?
True
Does 164 divide 11166?
False
Is 4382 a multiple of 7?
True
Does 17 divide 16053?
False
Does 4 divide 1143?
False
Is 143 a factor of 68890?
False
Is 6366 a multiple of 11?
False
Is 658 a multiple of 3?
False
Is 4 a factor of 976?
True
Is 55649 a multiple of 25?
False
Does 90 divide 18649?
False
Is 39 a factor of 1950?
True
Does 29 divide 71543?
True
Is 935 a multiple of 17?
True
Does 12 divide 567?
False
Is 57 a factor of 4275?
True
Does 4 divide 1184?
True
Is 15 a factor of 39921?
False
Is 805 a multiple of 5?
True
Is 1239 a multiple of 22?
False
Does 14 divide 238?
True
Does 8 divide 598?
False
Does 23 divide 22671?
False
Does 11 divide 5654?
True
Is 104 a factor of 47596?
False
Is 1204 a multiple of 14?
True
Is 59 a factor of 5212?
False
Does 19 divide 817?
True
Does 39 divide 1180?
False
Does 3 divide 208?
False
Does 15 divide 9007?
False
Is 84 a multiple of 14?
True
Does 9 divide 10875?
False
Does 241 divide 53502?
True
Does 58 divide 2030?
True
Does 43 divide 928?
False
Is 1339 a multiple of 13?
True
Is 84 a multiple of 9?
False
Is 13 a factor of 65?
True
Is 719 a multiple of 14?
False
Is 15 a factor of 5345?
False
Is 63233 a multiple of 83?
False
Does 7 divide 317?
False
Is 17920 a multiple of 140?
True
Does 11 divide 1133?
True
Is 85 a factor of 1314?
False
Is 356 a multiple of 34?
False
Does 39 divide 537?
False
Is 7 a factor of 14938?
True
Is 3654 a multiple of 50?
False
Is 273 a multiple of 13?
True
Does 15 divide 136?
False
Is 594 a multiple of 6?
True
Is 360 a multiple of 13?
False
Does 200 divide 60570?
False
Is 70630 a multiple of 11?
False
Does 9 divide 72?
True
Does 49 divide 147?
True
Is 17630 a multiple of 215?
True
Does 206 divide 23096?
False
Does 17 divide 26282?
True
Does 2 divide 233?
False
Is 348 a multiple of 2?
True
Is 78 a factor of 1170?
True
Does 69 divide 100041?
False
Does 88 divide 4664?
True
Is 8096 a multiple of 26?
False
Is 5 a factor of 759?
False
Does 20 divide 9200?
True
Is 297 a multiple of 22?
False
Does 4 divide 1120?
True
Does 10 divide 65?
False
Is 469 a multiple of 16?
False
Does 28 divide 4816?
True
Is 34 a factor of 63492?
False
Is 46748 a multiple of 270?
False
Is 7 a factor of 15673?
True
Is 1151 a multiple of 70?
False
Is 12874 a multiple of 16?
False
Does 11 divide 3397?
False
Does 15 divide 238?
False
Is 2 a factor of 188?
True
Is 21 a factor of 6426?
True
Does 6 divide 1195?
False
Does 19 divide 61441?
False
Does 29 divide 348?
True
Is 7 a factor of 81?
False
Does 10 divide 490?
True
Does 117 divide 45981?
True
Does 16 divide 6759?
False
Does 11 divide 2157?
False
Is 7 a factor of 140?
True
Is 639 a multiple of 76?
False
Is 29 a factor of 80765?
True
Does 21 divide 6195?
True
Is 5 a factor of 396?
Fa